d 288?
18
Calculate the highest common factor of 2078 and 3502469.
1039
What is the greatest common factor of 211 and 17481139?
211
What is the greatest common divisor of 2189 and 17711?
199
What is the greatest common factor of 2718 and 531822?
906
What is the highest common factor of 121582 and 119621?
1961
What is the greatest common divisor of 2220 and 4310?
10
Calculate the highest common factor of 33669 and 351.
27
Calculate the greatest common divisor of 79380 and 4340.
140
Calculate the greatest common divisor of 9 and 543.
3
What is the greatest common factor of 368 and 1676?
4
What is the greatest common factor of 966161 and 3519?
391
What is the highest common factor of 1587945 and 45?
15
What is the highest common factor of 13370 and 140?
70
What is the highest common divisor of 6926 and 16?
2
Calculate the highest common divisor of 3624 and 1064248.
1208
What is the greatest common divisor of 164 and 3072?
4
What is the greatest common divisor of 17324 and 3233?
61
What is the highest common divisor of 150 and 5975?
25
Calculate the greatest common divisor of 6343434 and 27.
27
Calculate the greatest common divisor of 110980 and 1860.
620
Calculate the greatest common factor of 608639 and 166.
83
Calculate the highest common divisor of 95601 and 165.
33
Calculate the greatest common divisor of 194 and 58.
2
What is the highest common factor of 26 and 1912781?
13
What is the highest common divisor of 32 and 8972?
4
Calculate the highest common factor of 434 and 50220.
62
What is the greatest common factor of 512091 and 255?
51
What is the highest common divisor of 66028 and 4148?
68
Calculate the highest common factor of 596 and 14636866.
298
What is the highest common divisor of 2070 and 4150?
10
Calculate the highest common divisor of 578036 and 488.
244
What is the highest common divisor of 96 and 9903?
3
Calculate the greatest common divisor of 86 and 91418.
86
What is the greatest common divisor of 282 and 15040?
94
What is the highest common factor of 135510 and 30?
30
Calculate the highest common divisor of 11 and 827959.
11
What is the greatest common divisor of 635 and 205740?
635
What is the highest common divisor of 31734 and 36?
18
Calculate the highest common divisor of 50994 and 3.
3
What is the highest common divisor of 4384 and 736?
32
Calculate the highest common factor of 612 and 130883.
17
Calculate the greatest common factor of 12444 and 137250.
366
Calculate the highest common factor of 1392 and 22098.
174
What is the highest common factor of 20457 and 81?
9
Calculate the greatest common divisor of 20381 and 8366.
89
What is the highest common factor of 8 and 576376?
8
What is the greatest common divisor of 30 and 16244790?
30
Calculate the greatest common factor of 228225 and 45.
15
Calculate the greatest common divisor of 11000 and 80.
40
What is the highest common factor of 5760 and 2997?
9
Calculate the greatest common divisor of 945 and 2817.
9
Calculate the greatest common factor of 36183 and 105103.
1723
Calculate the highest common factor of 143910 and 936.
234
What is the highest common divisor of 1242 and 4041?
9
What is the greatest common divisor of 180530 and 30?
10
What is the greatest common factor of 627 and 23617?
209
What is the highest common divisor of 426975 and 150?
75
Calculate the greatest common divisor of 40 and 11670.
10
What is the greatest common divisor of 1277856 and 928?
928
What is the highest common divisor of 532 and 308?
28
What is the highest common divisor of 26902 and 4?
2
What is the highest common divisor of 8892 and 14022?
342
What is the highest common divisor of 11234 and 3854?
82
What is the greatest common divisor of 897 and 131261?
299
Calculate the greatest common factor of 1901198 and 4.
2
What is the highest common factor of 35757 and 522?
261
What is the greatest common divisor of 2 and 7438?
2
What is the greatest common divisor of 5 and 85025?
5
What is the greatest common factor of 108 and 41598?
18
Calculate the greatest common divisor of 2737 and 41412.
119
Calculate the greatest common factor of 7 and 43543.
1
What is the highest common factor of 143 and 2353?
13
What is the highest common factor of 110308 and 3706?
218
Calculate the greatest common factor of 400761 and 189.
27
What is the greatest common divisor of 755687 and 2356?
589
What is the greatest common factor of 3 and 977253?
3
Calculate the highest common divisor of 106051 and 682.
341
What is the greatest common factor of 464425 and 975?
325
What is the highest common factor of 115 and 5922845?
115
What is the greatest common divisor of 473 and 168179?
11
What is the highest common factor of 49 and 49385?
7
Calculate the greatest common factor of 26976 and 9792.
96
What is the highest common factor of 42938 and 98?
14
What is the highest common factor of 63 and 195813?
9
What is the greatest common factor of 1908 and 11196?
36
Calculate the highest common divisor of 149340 and 220.
20
What is the greatest common divisor of 55932 and 36?
12
What is the greatest common divisor of 2010 and 29190?
30
What is the highest common divisor of 789104 and 6620?
1324
Calculate the greatest common divisor of 57916 and 2.
2
What is the highest common divisor of 753 and 2439?
3
Calculate the greatest common divisor of 3360 and 21984.
96
Calculate the highest common factor of 4056 and 60.
12
Calculate the greatest common divisor of 123760 and 1144.
104
Calculate the highest common divisor of 81 and 633438.
9
What is the greatest common divisor of 14505 and 165?
15
Calculate the highest common divisor of 968 and 3300.
44
What is the greatest common factor of 42 and 2215773?
21
Calculate the greatest common factor of 818229 and 214.
107
Calculate the greatest common divisor of 220 and 14905.
55
Calculate the highest common divisor of 54 and 391041.
27
What is the greatest common divisor of 238227 and 66?
33
Calculate the highest common divisor of 543305 and 13846.
301
What is the greatest common divisor of 23206 and 9266?
82
What is the highest common factor of 540 and 2643?
3
Calculate the highest common factor of 1812 and 69913.
151
Calculate the highest common divisor of 712 and 26744.
8
Calculate the highest common factor of 134980 and 170.
170
What is the highest common divisor of 4 and 33730?
2
Calculate the greatest common factor of 52500 and 315.
105
What is the highest common factor of 749 and 4193651?
749
What is the highest common divisor of 180680 and 1160?
40
Calculate the highest common divisor of 33 and 13547688.
33
What is the highest common factor of 58 and 5539?
29
Calculate the greatest common divisor of 261 and 19517.
29
Calculate the highest common factor of 176 and 4169.
11
What is the highest common factor of 6130983 and 129?
129
Calculate the highest common factor of 13257 and 19332.
27
Calculate the greatest common factor of 37 and 16354.
37
Calculate the highest common factor of 204 and 72692.
68
Calculate the greatest common divisor of 182 and 19812.
26
Calculate the highest common factor of 46270 and 490.
70
What is the greatest common factor of 95 and 73321?
19
What is the highest common factor of 201 and 299423?
67
What is the highest common factor of 42 and 23254?
14
Calculate the highest common divisor of 97391 and 91.
7
Calculate the greatest common factor of 180 and 496746.
18
Calculate the highest common factor of 29 and 35641.
29
What is the highest common factor of 122 and 30317?
61
Calculate the highest common divisor of 229761 and 49.
49
What is the greatest common divisor of 126 and 154098?
126
Calculate the highest common divisor of 13536 and 7144.
376
Calculate the greatest common divisor of 15521582 and 422.
422
Calculate the highest common factor of 4600 and 2323.
23
What is the highest common factor of 2786535 and 45?
45
Calculate the highest common factor of 330 and 49170.
330
Calculate the greatest common factor of 980 and 2110.
10
What is the highest common factor of 4284 and 1036?
28
Calculate the greatest common divisor of 20 and 27752.
4
Calculate the greatest common divisor of 12512745 and 945.
945
What is the greatest common divisor of 4 and 9748?
4
What is the greatest common factor of 55 and 1701150?
55
What is the highest common divisor of 91675 and